+ 1)) + -356 + 171 + 204?
35
What is -68 - 1 - (-16 - (-8 - (-9 + 3)))?
-55
3 + -4 + (-4 - (34 + -24))
-15
What is the value of (-60 - 2) + 14 + 79 + -113?
-82
1060 + -1009 - (2 + 27) - 29
-7
What is the value of 10 - (32 + -19 - 12) - (49 - 2)?
-38
What is the value of 3 - 45 - ((-26 - -7) + 18)?
-41
(106 - 134) + -2 + -6 + 24
-12
Calculate 2 + (11 - 12) - -37 - (-11 - -20).
29
What is (-11 - -10) + (-26 - -62) + 22?
57
What is the value of 117 + 1 + 226 + -302?
42
Calculate -1 + -12 - (-84 - 4 - (233 + -259)).
49
What is the value of (-38 - -1 - (923 + -955)) + (-41 - 1)?
-47
What is -16 - ((9 - (-10 + 0 + 9 + 0)) + -8)?
-18
Evaluate 62 - (-31 - -78) - (-4 - -31).
-12
What is 4 - -18 - (-478 + 450) - -11?
61
What is the value of -29 + -8 + 2 + 5 - (150 + -141)?
-39
What is the value of 6 + (-3 - 12) + (-19 + -1 - -54)?
25
-16 + (-13 - (15 - 28)) + 59
43
Calculate 55 + 25 + -72 + 15.
23
1 - 17 - (-423 - -471) - (-7 - (3 - 7))
-61
What is the value of -1 - -18 - (-46 - (118 - 211))?
-30
Evaluate (-2 - (77 + -175)) + -19.
77
What is 21 + -114 + 71 + -60?
-82
What is the value of 34 + (65 - 34) + -35 - (-3 + 20)?
13
What is 9 - (-1 + -4) - (-11 + 18) - (-3 - 2)?
12
What is -60 + -31 + 106 + -50?
-35
Evaluate 76 + 104 + -105 - 59.
16
Calculate -185 - (142 + -153 + -44).
-130
Evaluate (-3 - 9 - -11 - -9 - (2 - 57)) + 4.
67
(-4 - (2 - -3)) + (114 - 181)
-76
What is -24 + (0 - (-2 - 0)) - 26?
-48
What is the value of -79 + ((-21 - 1) + (550 - 530) - 5)?
-86
Evaluate 0 - -26 - (29 - 15) - -19.
31
Evaluate 88 + (1 - 1 - -28) - (-25 - -1).
140
What is -11 + (-14 + 6 - -29) + 22?
32
Evaluate (-30 - -33) + (-1 - 1 - 4).
-3
37 - ((69 + -43 - (8 - -13)) + (-10 - 1))
43
What is the value of -1 - 3 - (-6 - 60 - (-130 + 96))?
28
What is 4 - (6 + -3 - (-13 + (9 - 16) + 25))?
6
What is the value of (36 - (41 - 4)) + (0 - (0 - 19)) - 7?
11
What is (182 - 85) + (8 - 183)?
-78
Evaluate 34 + -13 - -9 - 26.
4
What is (35 - (-31 - (-208 + 36))) + 26?
-80
-15 - (28 + (-111 - -60))
8
Evaluate -49 + 56 + -58 - -33.
-18
What is the value of -18 + 16 + -30 + -3 + (-4 - -4)?
-35
Evaluate 17 + (-29 - 19) - (-228 + 252).
-55
Calculate 68 - (5 + -6 + -49 + 51).
67
-486 + 446 - (-24 - -52)
-68
What is (-14 - (-17 + -16)) + -34 - -12 - 9?
-12
What is 1299 - 1285 - (4 + (-3 - 10 - 2))?
25
What is the value of -16 + 3 - (-12 + 2 + -4 + 15 + -93)?
79
What is the value of (-79 - 0) + 8625 + -8636?
-90
Evaluate 29 - (70 - (39 + -21)).
-23
What is the value of -21 + (43 + -145 - -82)?
-41
-35 - ((29 - -13) + -38)
-39
What is -2 + (34 - -3 - -3) + 55 + (-96 - -37)?
34
Evaluate -55 + -4 - (0 - -4 - (-30 + (-22 - -55))).
-60
What is (-1 - 0) + (-112 - -57) + -6 + 14 + -3?
-51
Evaluate 8 + (-2 - (-7 - (32 + -30))) + (58 - -1).
74
-50 + (-25 - -17) + (-10 - -6) + -4
-66
Calculate -10 - ((-11 + -5 + 3 + 3 - -21) + 45).
-66
Evaluate (-6 + (-45 - -24) - -92) + (-14 - (0 + -2)).
53
Evaluate (284 - (394 + -136)) + (18 - (1 + -1)).
44
Evaluate (70 + (0 - -7) - 27) + -13.
37
What is -63 + 44 + 35 + 36?
52
What is -55 + (46 - (30 + -6)) - -115?
82
What is the value of -12 + 47 - (-6 + 33)?
8
50 + -10 + 14 + -6 + 27 + (28 - 63)
40
Calculate -17 + (-15 - ((14 - 37) + 17)).
-26
Calculate (-31 + 84 - 42) + -36 + 0.
-25
Calculate (155 - 1) + (-10105 - -9980).
29
What is the value of (163 - 198) + 77 + (-42 - 0)?
0
Evaluate (-7 - (-7 + 37)) + (-77 - -18).
-96
What is the value of 0 + (-58 - 0 - ((52 - 45) + -8))?
-57
What is the value of 89 + -31 + -30 - 113 - (2 + -3 + 11)?
-95
Evaluate -4 - (11 + (-16 - -7) + 3 + -38 + 1).
28
What is the value of -19 + -4 + -269 + 364?
72
Calculate 2 + 9 - (-107 - -34 - -58).
26
Calculate 20 + -2 + (54 - -110) + -215.
-33
What is -4 - (-266 - -273 - (-1 + 16))?
4
What is the value of -16 + 22 - (1 - -4) - (-11 - (9 + -8))?
13
What is the value of 14 - -1 - (3 + 71 + -39)?
-20
Evaluate -5 + (43 - (-14 - (-5 + 2) - -3)).
46
What is -10 + 18 - (7 - (8 - -3 - (-18 - -22)))?
8
-129 + 179 - (19 - 13)
44
Evaluate 3 + 75 + -87 + 57.
48
What is 40 - (-4 + 97) - -22?
-31
What is the value of 13 + -71 + (-6 - (-1 - 10)) + (1 - -4)?
-48
What is 12 + -29 + 30 - (-3 - -3 - -39)?
-26
What is the value of -26 - ((-43 - -69) + -28 + 37)?
-61
Evaluate (10 - -17) + 9 + (20 - 18).
38
Evaluate 79 - (117 + 0 - 151).
113
Evaluate 8 + -107 - (-68 + 59 + 1 + 8 - -3).
-102
Calculate -123 + (69 - -10) + 78.
34
What is the value of -3 + -2 + -2 + 65 - (-85 + 98)?
45
What is -42 + -33 + -10 + (26 - 1)?
-60
What is the value of -1 - (12 + -5 - 26 - 10)?
28
104 + -63 + -60 + -2 + 1
-20
Evaluate -65 + 41 - (2 - 0 - 0 - (72 - 85)).
-39
What is the value of 82393 + -82312 + (0 - 0 - 21)?
60
95 + (-57 - -70 - (-1 + 10))
99
90 - 223 - -131 - (64 + 1)
-67
Calculate (-2 - (0 + 7 + -44)) + 18.
53
What is 13 + -4 + (92 - 114) + 25?
12
Calculate 19 + 0 + (72 - 151).
-60
What is the value of -38 + (76 + 2 - 15)?
25
Evaluate 64 - 96 - (-1 + 1) - (4 + -4).
-32
Calculate -69 + (-58 - (-26 + 24 + -33)).
-92
Evaluate (45 - 33) + (-50 - -25) + -5 + -1.
-19
Evaluate -6 - (-21 - (15 - ((5 - -6) + -6))) - 9.
16
1 + (5 - (-4 + 4)) - (-20 - (25 + -60))
-9
Calculate -16 - (29 + -6 + -2 + 5 + 1).
-43
Calculate (278 + -168 - (-5 - 36)) + -39.
112
What is (1056 - 1036) + -57 + -2?
-39
What is (-5 - 7) + (184 - 72 - (9 + (4 - 20)))?
107
Evaluate (19 - -9) + -49 + 14 + (-1 - -2 - -58).
52
Calculate -85 + -53 + 42 + 11.
-85
Evaluate -60 + (21 - (48 - 50)).
-37
Calculate -24 + (0 - (13 - 24)) - (87 - -7).
-107
Evaluate 1 - -2 - ((2 - (5 + -9)) + -5).
2
Calculate 13 + (-52 - (-19 - 12)) + 28.
20
What is the value of 24 + (-16 - (-16 + 20)) + 13?
17
Evaluate (-117 - -116 - (-26 - (3 - 1))) + 6 + 5.
38
Evaluate (0 - -75) + 1 + 80 + -101.
55
What is (187 - 191) + (-6 + (15 - 8) - -54)?
51
What is (35 - -11) + (-5 - -1 - (-38 - -43))?
37
What is -20 + 0 - (-49 - -9) - -52?
72
What is (-18 - (-59 + 51)) + (0 + 1 - -11)?
2
Calculate -230 + 129 + (2 + 3 - 1).
-97
Evaluate -6 + 6 - 11 - (-2 + 93 + -63).
-39
What is -108 + (-71 - -212) - -27?
60
What is the value of 17 - ((-497 - -509) + (21 - (2 + 0)))?
-14
Calculate -19 - (-122 + (-16 - (-9 - -4)) + 21).
93
1 + 75 - (-14 + -86 + 102)
74
What is -12 - 1 - ((-46 - 10) + -4 + -16)?
63
10 - (53 + (-4 + -13 - 9))
-17
What is the value of -135 - ((70 - 54) + -73)?
-78
-22 + 135 + 0 + -73
40
What is 1 + -1 - 6 - ((12 - 16) + -31 - 25)?
54
What is 77 + -7 + 18 + (-7 - -8) + (16 - 4)?
101
What is the value of 20 - (21 + -1 - (-23 + 68 + -32))?
13
What is -1 + 13 + 38 + 32 + (-105 - -25)?
2
Evaluate (-7 - 2 - -1) + 140 + -141 - (-5 + 1).
-5
Evaluate -24 - -32 - (-2 + 10) - -6 - -19.
25
What is -54 + 56 + 45 + -12?
35
Calculate -6 + -29 - (53 + (-11 - 74)).
-3
Evaluate 9 + (-18 - -12) - (6 + 34 + -3).
-34
Evaluate -11 - -6 - 14 - (-185 + 219).
-53
What is (-3 - (-4 + -39)) + 0 + -8 + 16 + -1?
47
Evaluate (-2 - -17) + (-61 + -72 - -144).
26
What is (-10 - (5 - 19) - -3) + 34 + -131?
-90
What is 37 + -58 + 6 - (12 + 7 + -2)?
-32
What is the value of (-14 - (8 - 19)) + (0 - (8 - -30))?
-41
What is -30 + (-6 - 1 - (-61 - -83))?
-59
Evaluate -647 - -636 - (28 + 2).
-41
Calculate -10 + (2 - 13) - 11.
-32
Evaluate ((31 - 1) + (28 - 27) - -5) + (-9 - 0).
27
-167 + -139 + 15 + 272
-19
What is 62 - 60 - (-9 + 16 + -3 + -26)?
24
67 - 2 - (-1281 - -1408)
-62
What is 27 + (-51 - (6 - 39))?
9
Calculate 10 + -2 + 12 + 21 + -96.
-55
What is the value of -3 - (61 + 6 + -13 + 1 + (3 - 1))?
-60
What is the value of 22 + 1 - (101 + (-47 - 34))?
3
(5 - 1) + (-7 - -13) + 34
44
33 - (-41 - -40 - -38)
-4
Calculate 18 + 20 + -16 + 15 + 5.
42
What is 1 + -3 - (-16 - (-9 - 2)) - (109 + -22)?
-84
Evaluate -39 + (8 - -18) + 14 + -30.
-29
What is the value of -2 - (-34 + 72 + 14)?
-54
(-9 + 8 - (-4 + 9)) + (-10 - -1)
-15
What is the value of 203 - 178 - (-10 - (1 + -2))?
34
Evaluate -4 + (0 + -50 + 5 - -1).
-48
Calculate (8 - -1) + 7 + (-16 - (-4 + 25)) + 16.
-5
What is the value of (-51 - (14 - -4 - 26)) + -17?
-60
Calculate -5 + 2 + (16 - 10).
3
-34 + -30 + 8 + 52 - (16 - (-1 - 1))
-22
What is -23 + 5 - (15 + -5 + 9 + -4)?
-33
Calculate 79 - 166 - (-9 + -21 - -3).
-60
(15 + -38 - -10) + 7 + -6 + 19
7
Evaluate -26 - (122 + -91 - -22).
-79
Evaluate 11 - (-22 - -94 - 39).
-22
Evaluate -14 - (-29 - (-21 + 7 + 2 + 2)).
5
E